hen 287 is divided by 239.
48
What is the remainder when 556 is divided by 382?
174
What is the remainder when 82 is divided by 21?
19
What is the remainder when 138 is divided by 72?
66
What is the remainder when 107 is divided by 51?
5
What is the remainder when 10914 is divided by 20?
14
What is the remainder when 313 is divided by 5?
3
What is the remainder when 158 is divided by 20?
18
What is the remainder when 98 is divided by 14?
0
Calculate the remainder when 156 is divided by 23.
18
What is the remainder when 1234 is divided by 94?
12
What is the remainder when 132 is divided by 14?
6
What is the remainder when 88 is divided by 70?
18
Calculate the remainder when 8647 is divided by 84.
79
What is the remainder when 1361 is divided by 16?
1
What is the remainder when 86 is divided by 64?
22
Calculate the remainder when 1067 is divided by 82.
1
Calculate the remainder when 2208 is divided by 111.
99
What is the remainder when 54465 is divided by 267?
264
What is the remainder when 405 is divided by 58?
57
What is the remainder when 218 is divided by 39?
23
Calculate the remainder when 1064 is divided by 15.
14
Calculate the remainder when 233 is divided by 55.
13
What is the remainder when 559 is divided by 80?
79
What is the remainder when 719 is divided by 20?
19
What is the remainder when 28 is divided by 11?
6
Calculate the remainder when 141 is divided by 42.
15
What is the remainder when 277 is divided by 88?
13
What is the remainder when 646 is divided by 37?
17
Calculate the remainder when 4558 is divided by 76.
74
Calculate the remainder when 54 is divided by 32.
22
Calculate the remainder when 1957 is divided by 53.
49
What is the remainder when 7824 is divided by 5?
4
Calculate the remainder when 359 is divided by 33.
29
What is the remainder when 221 is divided by 72?
5
What is the remainder when 357 is divided by 49?
14
Calculate the remainder when 888 is divided by 33.
30
Calculate the remainder when 34 is divided by 29.
5
Calculate the remainder when 32 is divided by 15.
2
Calculate the remainder when 338 is divided by 36.
14
What is the remainder when 2773 is divided by 24?
13
Calculate the remainder when 117 is divided by 35.
12
Calculate the remainder when 738 is divided by 92.
2
What is the remainder when 17 is divided by 10?
7
Calculate the remainder when 2120 is divided by 129.
56
Calculate the remainder when 4860 is divided by 76.
72
What is the remainder when 121 is divided by 21?
16
Calculate the remainder when 6523 is divided by 15.
13
What is the remainder when 345 is divided by 68?
5
What is the remainder when 215 is divided by 12?
11
Calculate the remainder when 246 is divided by 24.
6
What is the remainder when 1741 is divided by 47?
2
What is the remainder when 1093 is divided by 30?
13
Calculate the remainder when 140 is divided by 72.
68
What is the remainder when 53 is divided by 11?
9
Calculate the remainder when 70 is divided by 18.
16
Calculate the remainder when 6486 is divided by 3236.
14
What is the remainder when 31 is divided by 20?
11
What is the remainder when 639 is divided by 129?
123
Calculate the remainder when 177 is divided by 65.
47
What is the remainder when 12069 is divided by 17?
16
What is the remainder when 2798 is divided by 10?
8
What is the remainder when 1045 is divided by 15?
10
What is the remainder when 57 is divided by 7?
1
What is the remainder when 30147 is divided by 10?
7
What is the remainder when 130 is divided by 66?
64
What is the remainder when 2901 is divided by 37?
15
Calculate the remainder when 7530 is divided by 81.
78
What is the remainder when 403 is divided by 27?
25
Calculate the remainder when 8968 is divided by 448.
8
Calculate the remainder when 779 is divided by 11.
9
What is the remainder when 74 is divided by 71?
3
What is the remainder when 42188 is divided by 49?
48
Calculate the remainder when 5903 is divided by 36.
35
What is the remainder when 101 is divided by 68?
33
Calculate the remainder when 752 is divided by 235.
47
What is the remainder when 1268 is divided by 64?
52
What is the remainder when 214 is divided by 36?
34
Calculate the remainder when 255 is divided by 7.
3
What is the remainder when 5764 is divided by 1440?
4
What is the remainder when 287 is divided by 116?
55
What is the remainder when 9788 is divided by 19?
3
What is the remainder when 529 is divided by 34?
19
Calculate the remainder when 1320 is divided by 102.
96
What is the remainder when 79 is divided by 31?
17
Calculate the remainder when 355 is divided by 112.
19
Calculate the remainder when 44131 is divided by 17.
16
Calculate the remainder when 1339 is divided by 79.
75
Calculate the remainder when 411 is divided by 82.
1
Calculate the remainder when 660 is divided by 159.
24
What is the remainder when 626 is divided by 70?
66
Calculate the remainder when 470 is divided by 243.
227
What is the remainder when 90 is divided by 83?
7
What is the remainder when 897 is divided by 60?
57
What is the remainder when 81 is divided by 28?
25
Calculate the remainder when 1310 is divided by 18.
14
What is the remainder when 12 is divided by 4?
0
What is the remainder when 704 is divided by 87?
8
What is the remainder when 1089 is divided by 221?
205
What is the remainder when 98 is divided by 13?
7
What is the remainder when 3237 is divided by 20?
17
Calculate the remainder when 1456 is divided by 81.
79
Calculate the remainder when 22930 is divided by 71.
68
What is the remainder when 1637 is divided by 12?
5
Calculate the remainder when 1033 is divided by 31.
10
What is the remainder when 53 is divided by 19?
15
Calculate the remainder when 129 is divided by 37.
18
Calculate the remainder when 313 is divided by 61.
8
Calculate the remainder when 1277 is divided by 64.
61
What is the remainder when 1544 is divided by 155?
149
Calculate the remainder when 526 is divided by 10.
6
What is the remainder when 3 is divided by 3?
0
What is the remainder when 731 is divided by 46?
41
What is the remainder when 582 is divided by 45?
42
Calculate the remainder when 86391 is divided by 21.
18
What is the remainder when 576 is divided by 150?
126
What is the remainder when 4117 is divided by 187?
3
Calculate the remainder when 207 is divided by 30.
27
What is the remainder when 656 is divided by 286?
84
What is the remainder when 679 is divided by 5?
4
Calculate the remainder when 612 is divided by 15.
12
Calculate the remainder when 459 is divided by 23.
22
What is the remainder when 493 is divided by 31?
28
Calculate the remainder when 4611 is divided by 256.
3
Calculate the remainder when 661 is divided by 13.
11
Calculate the remainder when 179 is divided by 30.
29
Calculate the remainder when 2334 is divided by 5.
4
Calculate the remainder when 1797 is divided by 889.
19
Calculate the remainder when 269 is divided by 70.
59
What is the remainder when 2066 is divided by 67?
56
What is the remainder when 696 is divided by 246?
204
Calculate the remainder when 301 is divided by 77.
70
What is the remainder when 11167 is divided by 73?
71
What is the remainder when 1987 is divided by 991?
5
Calculate the remainder when 591 is divided by 203.
185
What is the remainder when 15409 is divided by 14?
9
What is the remainder when 64 is divided by 24?
16
What is the remainder when 271 is divided by 15?
1
Calculate the remainder when 1721 is divided by 551.
68
What is the remainder when 21429 is divided by 152?
149
What is the remainder when 1895 is divided by 1892?
3
What is the remainder when 5070 is divided by 57?
54
Calculate the remainder when 336 is divided by 333.
3
Calculate the remainder when 2362 is divided by 28.
10
Calculate the remainder when 1188 is divided by 17.
15
Calculate the remainder when 82 is divided by 42.
40
Calculate the remainder when 347 is divided by 5.
2
Calculate the remainder when 6468 is divided by 3231.
6
Calculate the remainder when 407 is divided by 136.
135
What is the remainder when 223 is divided by 9?
7
What is the remainder when 72 is divided by 25?
22
What is the remainder when 4955 is divided by 16?
11
What is the remainder when 320 is divided by 70?
40
What is the remainder when 67 is divided by 67?
0
Calculate the remainder when 164 is divided b